n) = n**2 - n - 4. Suppose 0*s - 10 = -2*s. Calculate the remainder when 30 is divided by j(s).
14
Let g = -325 - -472. Calculate the remainder when g is divided by 25.
22
Let d(x) = 38*x**2 + x + 1. Suppose s - h = -4*h - 4, -8 = 2*h. Suppose -3 = -5*g - s. Calculate the remainder when d(g) is divided by 13.
12
Let p(d) = -d**3 + 7*d**2 + 6*d - 11. Calculate the remainder when p(7) is divided by 11.
9
Suppose -3*c = -u - 10, 0*c + 3*c - 5 = -4*u. Let r(a) = 1 + 2 + 5*a**c - 1 - 4*a**3 + 9*a - 9*a**2. What is the remainder when 29 is divided by r(8)?
9
Suppose 2*d = f + 16, 2 = -d - 0*d. Let u = -5 - f. What is the remainder when 43 is divided by u?
13
Let r(m) = 5*m - 19. Let d = 3 + 3. Suppose 3*w - 3*n = d*w - 63, 3*w - 63 = n. What is the remainder when w is divided by r(6)?
10
Let h = -2 - -5. Let u be -47 - -2 - (-3)/h. What is the remainder when 26 is divided by 5/25 - u/5?
8
Suppose 0 = o + 3*o - 80. Let f = 9 + o. What is the remainder when f is divided by 15?
14
Suppose -34 = -9*v + 7*v. What is the remainder when 48 is divided by v?
14
Suppose -u + 4*y = -8, -9 = -3*u - 6*y + 3*y. Suppose 6 + 46 = u*l. Suppose -3*q + 19 = 5*h, -h - 7*q - 3 = -3*q. What is the remainder when l is divided by h?
3
Let r = 42 - 14. Calculate the remainder when 42 is divided by r.
14
Let o(w) = w**3 - w + 167. Let s be o(0). Suppose 2*r = 2*k - 62, 5*k - 3*r = -16 + s. Calculate the remainder when k is divided by 10.
9
Let i(n) = 29*n**2 + n + 2. Let x be i(2). Suppose -a - a + 81 = 3*o, 0 = 3*a + 4*o - x. What is the remainder when a is divided by 13?
10
Let l = 90 - 41. Suppose o + 3 = 8. Suppose -o*q = -6*q + 25. What is the remainder when l is divided by q?
24
Let b(i) = i**3 + 5*i**2 + 2*i - 1. What is the remainder when 17 is divided by b(-3)?
6
Let f(a) = 15*a - 45. Calculate the remainder when f(6) is divided by 4.
1
Let u(k) = -k**3 + 7*k**2 + 13*k - 12. Let y be u(8). Calculate the remainder when (-7)/(y/(-136)) + 3 is divided by 2 + 34/2 + 0.
18
Suppose -5*x - 5 = 30. Let h(u) = -u - 4. Let v be h(x). Suppose -v*k = -4*i + 61, 2*i - i - 10 = -k. Calculate the remainder when 38 is divided by i.
12
Let v be (-158)/(-18) + (-4)/(-18). Suppose -2*s + 41 - v = 0. Calculate the remainder when 47 is divided by s.
15
Let k(w) = -w**3 + w**2 + w + 11. Let f = -13 + 34. Calculate the remainder when f is divided by k(0).
10
Let q = -198 - -470. Let z(d) = -d**2 + 10*d - 5. Let p be z(10). Calculate the remainder when q/20 - 2/p is divided by 5.
4
Let z(l) = -l**3 - 5*l**2 - 3*l + 5. Let f = -8 - -3. What is the remainder when z(f) is divided by 7?
6
Let l = 61 - 23. Calculate the remainder when 111 is divided by l.
35
Suppose -3*a = a - 12. Suppose -4*v - 65 = -a*h, 0 = -2*h - 3*v + 15 - 0. Calculate the remainder when h is divided by 6.
3
Suppose -2*n = -g - 9, 5*g + 47 - 2 = -n. Let d(l) = -3*l - 8. Calculate the remainder when d(g) is divided by 10.
9
Let w = -2 - -2. Suppose -5*t = -5*m - 300, w*t - 5*m + 85 = 2*t. Suppose -1 = 3*r - t. What is the remainder when 52 is divided by r?
16
Suppose 4*l - 29 = -3*i, -l + i = 2*i - 6. Calculate the remainder when 20 is divided by l.
9
Suppose 3*w + 4*n - 416 = 2*n, -w + 152 = -2*n. Suppose -42 = 5*z - w. Calculate the remainder when z is divided by 11.
9
Let n(g) = -3*g - 10. Calculate the remainder when 18 is divided by n(-7).
7
Suppose 0 = -z - n + 3, 4*n - 20 + 71 = 5*z. Suppose -2*w + 0*w = 80. Let c = -21 - w. What is the remainder when c is divided by z?
5
Let t(i) be the first derivative of -i**3/3 - 9*i**2/2 + 4*i - 2. Calculate the remainder when t(-8) is divided by 7.
5
What is the remainder when 88 is divided by 1 + 21/4 - (-7)/(-28)?
4
Suppose 2 = -b + 4. Suppose -b*w - 3*w + 2*d + 120 = 0, 5*d + 69 = 2*w. Calculate the remainder when w is divided by 8.
6
Suppose 7 - 31 = -3*h. What is the remainder when 22 is divided by h?
6
Suppose -t - 4 + 6 = 2*j, 0 = -4*t - 2*j + 2. What is the remainder when 23 - t - (-5)/5 is divided by 2/(-8) + (-106)/(-8)?
11
Calculate the remainder when 56 is divided by 4/(-20) + (384/5)/4.
18
Suppose 0 = -y + 4*y - 54. Calculate the remainder when y is divided by 6.
0
Let a(x) = -x**2 - 3*x + 4. Let n = 4 + -7. What is the remainder when a(n) is divided by 3?
1
Suppose -g + 5*g - 56 = 5*m, -g + 14 = -5*m. Let h(s) = s**3 - s. Let o be h(-1). Suppose 3*r + r - 20 = o. What is the remainder when g is divided by r?
4
Calculate the remainder when (1/(-2))/1*-36 is divided by 5.
3
Let n = 49 + -42. Calculate the remainder when 24 is divided by n.
3
Suppose 0 = y + 4*y + 3350. Let w be y/15*3/(-2). Let x = w - 45. What is the remainder when 43 is divided by x?
21
Calculate the remainder when ((-81)/(-2))/((-24)/(-32)) is divided by 14.
12
Suppose -4*c = -0*c - 28. Let x(u) = -c - 4*u + 0 + 2. What is the remainder when 36 is divided by x(-6)?
17
Calculate the remainder when (-2)/(-3)*(-27)/(-1) is divided by 7.
4
Let i(q) = 2*q**2 - 3*q - 5. Calculate the remainder when i(8) is divided by 25.
24
Suppose -15*u + 161 = -8*u. What is the remainder when 155 is divided by u?
17
What is the remainder when 128 is divided by (-10)/15 + (-393)/(-9)?
42
Suppose 0 = 3*l - 0*l - 15. Suppose 3*d - 15 + l = -5*u, 0 = -3*d - 4*u + 14. Calculate the remainder when 28 is divided by (4 + -1)*d/2.
13
Suppose 3*j - g - g - 92 = 0, 5*j = 4*g + 150. Calculate the remainder when j is divided by 4.
2
Suppose -6 + 160 = 2*f. Calculate the remainder when f is divided by 20.
17
Let h = 45 - 19. Calculate the remainder when 51 is divided by h.
25
Let z(q) = -2*q**3 - 2*q**2 - q + 1. Let m = -2 - -22. Calculate the remainder when m is divided by z(-2).
9
Let f(i) = -i**2 + 6*i + 3. Suppose -4*r + 26 = -0*c + 2*c, 0 = -5*r - c + 40. Let q = -4 + r. What is the remainder when f(q) is divided by 5?
3
Let k(u) be the third derivative of u**5/60 + u**4/24 + 3*u**2. Let l(q) = 3*q**2 - 2*q - 1. Calculate the remainder when k(3) is divided by l(2).
5
Let f = -25 + 39. Suppose -5*v + 3*l = -197, 205 = 5*v + 4*l + l. Calculate the remainder when v is divided by f.
12
Let l = -66 - -80. What is the remainder when 237 is divided by l?
13
Let u = -3 + 22. Let q = 11 + -2. What is the remainder when u is divided by 65/q + (-4)/18?
5
Let n(j) = 2*j - 14. What is the remainder when n(13) is divided by 5?
2
Suppose w + 2*f - 11 - 1 = 0, 2*w - 2*f + 6 = 0. Suppose 128 = -5*q + b - 6, 0 = 2*b + w. What is the remainder when q/(3 - 6)*3 is divided by 14?
13
Let u(y) = 2*y**2 - 8*y + 5. Let r be ((-2 - -1) + 0)/(-1). Let s(b) = 43*b**3 + b**2 - b + 1. What is the remainder when s(r) is divided by u(5)?
14
Suppose 3*a = 4*o + 12, o - 6*o - 15 = 0. Let h(v) = -3*v**3 - 3*v + 2. Let k be h(1). What is the remainder when 12 is divided by (2 - a)/k*-14?
5
Let r(i) = -2*i**3 - 4*i**2 - 10*i - 1. Calculate the remainder when r(-4) is divided by 53.
50
Let n be 3*1*(-24)/18. What is the remainder when (-4)/(-18) - (-151)/9 is divided by n/(-14) - 80/(-14)?
5
Let k = 6 + 13. Let x = k + 18. Let f = 47 + -34. What is the remainder when x is divided by f?
11
Let g = -4 - -13. Calculate the remainder when 3 + -42*1/(-2) is divided by g.
6
Let c(g) = -3*g + 79. Calculate the remainder when 45 is divided by c(24).
3
Suppose -2*i + 452 = v, -4*i = i + 2*v - 1132. What is the remainder when i is divided by 46?
44
Let f(k) be the first derivative of -k**4/4 + 11*k**3/3 - 4*k**2 - 11*k + 8. What is the remainder when 25 is divided by f(10)?
7
Let p = -7 + 7. Suppose 5*x - 3*x - 28 = p. Calculate the remainder when 27 is divided by x.
13
Suppose -2*i - 4 = -16. What is the remainder when 53 is divided by (-16)/i*126/(-24)?
11
Let k(z) = z**2 - z - 4. Let j be k(-6). Suppose -j = -s - s. Calculate the remainder when 35 is divided by s.
16
Suppose -2*z - 2*m + 14 = 0, 3*m = 3*z - 2*m + 3. Calculate the remainder when 8 is divided by z.
0
Suppose 0 = -0*u - 3*u. Let n be 1 - -4 - 2 - u. Suppose -n + 35 = 4*p. What is the remainder when 21 is divided by p?
5
Let g(h) = 7*h + 1. Suppose 2*m - 24 = -2*m. Suppose 16*y = 128 + 112. Calculate the remainder when g(m) is divided by y.
13
Let o(f) = -22*f + 3. What is the remainder when o(-4) is divided by 24?
19
Let h(p) = -p**3 + 6*p**2 - 3*p - 3. What is the remainder when 125 is divided by h(5